 - 2*g = -3*g - 9, -r + 5*g = -13. Let b = r + 6. List the prime factors of b.
2
Let y(g) = 53*g**3 + 2*g**2 - 2*g + 1. List the prime factors of y(1).
2, 3
Let j(v) = v**3 + 8*v**2 + 5*v + 1. Let w be j(-8). Let k = w - -61. What are the prime factors of k?
2, 11
Suppose -2*w = 2*u - 198, -3*u = -5*u + 2. What are the prime factors of w?
2, 7
Let y = -24 - -12. Let f be -3 + (-3 - (1 + y)). Suppose f*q - q = 40. List the prime factors of q.
2, 5
Let r(d) = -d**2 + 84. What are the prime factors of r(0)?
2, 3, 7
Let x(q) = -11 - 5*q + 0 + 5*q**2 + 0*q - 4*q**2. List the prime factors of x(8).
13
Suppose -3*f = -2*b + 15, -f = 5*b + 2*f + 15. Suppose -81 = -4*g + 5*s, -g - 2*s - s - 1 = b. List the prime factors of g.
2, 7
Let p = -11 - -8. Let d = p - -7. List the prime factors of d.
2
Suppose -5*b + 2*b = 27. List the prime factors of 3/b + (-7)/(-3).
2
Let j(o) = -13*o + 32. List the prime factors of j(-8).
2, 17
Suppose 1151 = 2*b + 3*b - t, 3*b - 3*t - 693 = 0. List the prime factors of b.
2, 5, 23
What are the prime factors of 82*2/12*(6 + 0)?
2, 41
Suppose 5*j - i + 107 = 0, 3*i + 2*i = 2*j + 52. Let v = j + 28. What are the prime factors of v?
7
Let g be (9/(-1) + -1)*1. What are the prime factors of 8 + g + 46/2?
3, 7
Let f(l) = 2*l**3 - 3*l**2 + 3*l + 1. Let n be f(-3). What are the prime factors of 6/21 + n/(-7)?
13
Suppose -3*h = 2*l - 9 - 2, -3*l + 13 = h. Let r = -6 + 16. Suppose -b - 29 = -4*g + r, l*b - 44 = -4*g. What are the prime factors of g?
2, 5
Suppose -4 = -2*n - 0. Suppose 0*c - 2*c + 62 = n*x, -c + x = -29. List the prime factors of (24/(-15))/(-4)*c.
2, 3
Let u(l) = 3*l**3 + l**2 - 2*l - 1. Let n be u(2). Suppose 0 = 2*y - 2*d + 7*d - 31, 2*y - n = 3*d. List the prime factors of y.
13
Suppose -2*p = -4*k - 84, -3*p - 3*k - 81 = -5*p. List the prime factors of p.
2, 3
Let j be (-3)/(-2)*(-1 + -3). Let r(z) = z**3 + 6*z**2 - 3*z - 8. List the prime factors of r(j).
2, 5
Let d(i) = -4*i**2 + 4*i - 4. Let m be d(3). Let s = m + 96. Suppose -u + 3*a + 7 = -4, -s = -5*u + 2*a. List the prime factors of u.
2, 7
Let n(u) = -33*u**2 + 7*u + 6. Let c(m) = -33*m**2 + 6*m + 5. Let g(d) = 7*c(d) - 6*n(d). Let x be g(-1). List the prime factors of x/(-4) - 3/(-2).
2, 5
Suppose 0 = -2*r - k, -4*r - 2*k = -k + 2. Let x = r + 14. List the prime factors of x.
13
Suppose 4*g - 18 = 126. What are the prime factors of g?
2, 3
Suppose 14*i = 16*i - 252. List the prime factors of i.
2, 3, 7
Let a = 9 - 6. Suppose -y - a*h = 4, -3*y - 3*h = -8*y + 34. List the prime factors of y.
5
Let l = 16 - 13. Suppose 54 = l*n - 45. What are the prime factors of n?
3, 11
Let c(h) = -h**2 + 1. Let a be c(0). List the prime factors of (-3)/a + (10 - -2).
3
Suppose 4*v - 4 = 5*v, 0 = -2*m - 5*v. Let z(q) = 2*q - 10. What are the prime factors of z(m)?
2, 5
Suppose 0 = -3*b - 4*n + 124, -3*b + 120 = -0*n + 3*n. Let c = b + -22. What are the prime factors of c?
2, 7
Suppose -5*z - 2*y - 274 + 708 = 0, 266 = 3*z + 4*y. List the prime factors of z.
2, 43
Suppose 10 = 4*p - 10. Suppose -2*k - 3*w = -25 + 5, -p*w - 23 = -k. What are the prime factors of k?
13
Let l(w) = -10*w - 6. Let k be l(-4). Let h be 2/(-4)*k/1. Let p = -12 - h. What are the prime factors of p?
5
Let u(d) = d + 8. Let m be u(-8). Let r(i) = i**2 + 4. Let z be r(m). Let v = z - -6. What are the prime factors of v?
2, 5
Let v(c) = c**2 + 1. Let q(t) = t**3 - 3*t**2 + t + 3. Let m(x) = -q(x) + v(x). Let h be (-11)/(-4) + (-1)/(-4). What are the prime factors of m(h)?
2
Let y(w) = -2*w. Suppose -5*h - 19 = s - 2*h, -s + 6 = -2*h. List the prime factors of y(s).
2
Let d(y) = y**3 - y**2 - 8*y + 11. List the prime factors of d(5).
71
Suppose -2*k = -2*g + 7*g - 90, g = 5*k + 18. Suppose -2*o + g = -0*o. List the prime factors of o.
3
Let p = -58 + 66. List the prime factors of p.
2
Let b(s) = -44*s + 42. What are the prime factors of b(-6)?
2, 3, 17
Let o(i) be the third derivative of i**5/60 + i**3/6 - 3*i**2. List the prime factors of o(4).
17
Suppose 0 = 4*w - o - 9, -8 = -5*w + 4*o + 6. Suppose 40 = 2*r + w*q - 0*q, -3*q - 45 = -4*r. List the prime factors of r.
3, 5
Suppose a + 4*a = 0. Suppose a*k - 2*k = 0. Suppose 4*d + 4*f - 24 = k, 3 = -4*d - 5*f + 24. What are the prime factors of d?
3
Let h = 0 - -5. Let m(s) = s + 3. Let v(u) = -u - 3. Let t(g) = h*m(g) + 6*v(g). List the prime factors of t(-5).
2
Let s(l) = -l**3 - 18*l**2 - l - 13. List the prime factors of s(-18).
5
Let u(c) = c**3 + c**2 - 36. Let v be u(0). What are the prime factors of v/(-2)*3/6?
3
Suppose 5*k + 239 + 246 = 0. List the prime factors of k/(-5) + (-20)/50.
19
Suppose 0*q + q + 3*z - 33 = 0, 4*q + 2*z - 122 = 0. Suppose 4*y + q = 2*i + y, 5*i - 100 = -5*y. What are the prime factors of i?
2, 3
Let n be 12 + 3*(3 + -2). What are the prime factors of 0/(-2) + 1*n?
3, 5
Let p = -24 + 16. Let k = 1 - p. What are the prime factors of k?
3
Let w(c) = 2*c - 7. Let y be w(6). Suppose -2*x = 9 + y. Let i = x + 17. What are the prime factors of i?
2, 5
Suppose -443 + 58 = -2*f - 5*q, 5*q = -f + 185. What are the prime factors of f?
2, 5
Suppose -37*l = -38*l + 87. List the prime factors of l.
3, 29
Let m = 271 - 172. List the prime factors of m.
3, 11
Suppose -2*b - 10*d = -11*d - 513, -4*b + 5*d = -1029. What are the prime factors of b?
2
Let v = 17 + -17. Let r(u) = -u**3 - u**2 - u + 28. What are the prime factors of r(v)?
2, 7
List the prime factors of ((-24)/(-20))/(2 + 188/(-95)).
3, 19
Let a be 12/8*8/3. List the prime factors of 1*4 - (a + -5).
5
List the prime factors of (-33 - -1)/((-17)/34).
2
Suppose -5*z + 4*d + 660 = 0, -z - 2*z + 399 = -3*d. List the prime factors of z.
2
Suppose -25 = -5*a - 0. Suppose -5*p = -2*o - 2*p + 87, -163 = -4*o - a*p. What are the prime factors of o?
2, 3, 7
Let s(h) = 2*h - 4. Suppose -3*q - 9 = 0, -2*w - 2 = 2*q + 2*q. What are the prime factors of s(w)?
2, 3
Let a = 31 + -22. What are the prime factors of a?
3
Suppose 22 + 8 = -5*f. Let j be (-184)/(-6) - (-4)/f. Suppose 12 = -2*w + j. What are the prime factors of w?
3
Suppose -2*j - 3*n + 2*n + 5 = 0, 0 = -j - n + 3. Let l be (-1 + 10/6)/((-28)/(-42)). Suppose -h - l - 2 = 0, 4*f = j*h + 38. List the prime factors of f.
2
Suppose 0 = 3*s - 0*t - t - 13, -2*t = -3*s + 8. Suppose 7*c - 6*c = s. What are the prime factors of c?
2, 3
Let d = 27 - 13. Let g = d - 4. List the prime factors of g.
2, 5
Suppose 3*o = -0*o + 9. What are the prime factors of (21/9 + 0)*o?
7
Let x(g) = -g**2 + 7*g + 2. Let s be x(7). Suppose z = 4*i + 3*z - 96, -i + s*z + 19 = 0. What are the prime factors of i?
23
Let d(w) = 2 - 3*w + 2 + 0*w. Let i be d(-4). Let y = -10 + i. What are the prime factors of y?
2, 3
What are the prime factors of 3 - 1464/(-21) - (-4)/14?
73
Suppose 11*d + 108 = 7*d. Let b = d - -39. List the prime factors of b.
2, 3
Let b = 7 - 13. Let u(p) = -p**2 - 6*p + 3. Let h be u(b). Suppose 12 = -h*f, 5*l + 0 = 4*f + 46. What are the prime factors of l?
2, 3
Suppose -2*d + 6*d = -8. Let x(p) = 2*p - 1. Let r be x(-2). Let a = d - r. What are the prime factors of a?
3
Suppose -5*g + 4*i + 18 = 0, 0 = 2*g - 2*i + 7*i + 6. Suppose 3*q + 2*c - 20 = 6*c, g = -c. What are the prime factors of q?
2
Let m(c) = c**2 - 10*c - 23. Let i be m(10). Suppose 0*w + 3*w = -6. List the prime factors of i/(0 + 1 + w).
23
Suppose -5*k - k = -36. What are the prime factors of k?
2, 3
Let q be (-6)/(-4) + 70/(-4). Let n = q - -32. List the prime factors of n.
2
Let x(t) be the first derivative of -15*t + 5*t**2 - t**2 - 5*t**2 - 2. List the prime factors of x(-10).
5
Suppose 2*g + b + 14 = -3*b, -3*b = 15. Suppose 5*d = 9 + 16, g*w = -4*d + 59. List the prime factors of w.
13
Let w(h) = 15*h**2 - 19*h - 5. Let r(s) = 8*s**2 - 10*s - 3. Let l(g) = -11*r(g) + 6*w(g). List the prime factors of l(-4).
3, 17
Suppose -w - 6 = -4*w. Suppose 5*x + c - 121 = -2*c, w = c. What are the prime factors of x?
23
Let k(r) = r**2 - 6*r. Let v be k(6). Suppose v = 5*q - 2*b + 4*b - 169, 35 = q + b. What are the prime factors of q?
3, 11
Let t be 1 - (-2 + 3) - -2. What are the prime factors of 1*(t - 1)*2?
2
Suppose 0 = -4*z + 6*z - 6. Suppose -3*k - 8 = -5*n, 4*n - 8 = 4*k - 0*n. Let w = z - k. List the prime factors of w.
2
Let x = 38 + -21. List the prime factors